153 and 338.
169
What is the greatest common divisor of 3531 and 825?
33
Calculate the greatest common divisor of 3149 and 52593.
47
What is the greatest common factor of 1776 and 469604?
148
Calculate the highest common divisor of 200 and 7150.
50
Calculate the highest common divisor of 11390 and 7990.
170
Calculate the highest common factor of 26578 and 1370.
274
Calculate the highest common factor of 725 and 1189.
29
Calculate the highest common divisor of 6498 and 143982.
342
Calculate the highest common divisor of 722484 and 427.
427
What is the highest common divisor of 30107 and 115?
23
What is the greatest common factor of 450380 and 420?
140
What is the highest common divisor of 99975 and 43?
43
Calculate the greatest common divisor of 6692 and 17752.
28
What is the highest common divisor of 88113 and 6?
3
What is the highest common factor of 3056 and 464?
16
Calculate the highest common divisor of 3306 and 1767.
57
Calculate the greatest common divisor of 2127711 and 12.
3
Calculate the greatest common factor of 757315 and 2745.
305
Calculate the highest common factor of 11237 and 206893.
661
What is the greatest common divisor of 106424 and 753?
251
What is the greatest common divisor of 570621 and 3?
3
What is the highest common divisor of 6660 and 549?
9
Calculate the greatest common divisor of 847570 and 10.
10
What is the greatest common factor of 10455 and 153?
51
Calculate the highest common factor of 12566 and 10126.
122
What is the greatest common divisor of 212 and 332734?
106
Calculate the greatest common divisor of 124118 and 15718.
542
What is the highest common factor of 3250 and 806?
26
What is the highest common divisor of 177 and 59472?
177
Calculate the highest common divisor of 77384 and 272.
136
What is the greatest common factor of 56 and 272657?
7
Calculate the greatest common divisor of 12 and 195036.
12
What is the highest common divisor of 157766 and 590?
118
Calculate the greatest common factor of 32 and 8564.
4
What is the highest common factor of 130 and 460?
10
Calculate the highest common divisor of 238 and 47719.
119
Calculate the greatest common factor of 68 and 22474.
34
Calculate the highest common divisor of 19189 and 62.
31
Calculate the highest common divisor of 21780 and 32340.
660
What is the highest common divisor of 5828 and 8?
4
Calculate the greatest common factor of 1385 and 1087225.
1385
What is the highest common divisor of 189 and 1689?
3
Calculate the greatest common factor of 666 and 1413955.
37
Calculate the highest common factor of 816 and 357.
51
Calculate the greatest common factor of 28 and 6251.
7
Calculate the greatest common factor of 22757 and 749.
7
What is the greatest common divisor of 189 and 120393?
189
What is the highest common factor of 187090 and 10?
10
What is the highest common factor of 2465 and 217210?
145
What is the greatest common factor of 532 and 270522?
266
What is the greatest common factor of 2160004 and 616?
308
What is the greatest common factor of 60 and 121170?
30
Calculate the highest common factor of 12 and 465684.
12
Calculate the highest common factor of 14376 and 3660.
12
What is the greatest common divisor of 24075 and 1200?
75
Calculate the highest common divisor of 48540 and 120.
60
Calculate the highest common divisor of 128261 and 146.
73
Calculate the highest common divisor of 13191816 and 467.
467
What is the highest common divisor of 1515 and 28583?
101
Calculate the greatest common factor of 130467 and 8949.
471
Calculate the greatest common divisor of 42 and 77182.
14
Calculate the greatest common factor of 45546 and 12.
6
Calculate the highest common factor of 140 and 10892.
28
Calculate the greatest common factor of 41140 and 2380.
340
What is the highest common divisor of 60975 and 180?
45
What is the highest common factor of 6739 and 46?
23
What is the highest common divisor of 188 and 2942435?
47
Calculate the greatest common factor of 14784 and 212828.
308
Calculate the highest common divisor of 5553 and 66019.
617
What is the greatest common divisor of 532266 and 2668?
1334
What is the greatest common divisor of 166128 and 60?
12
What is the greatest common divisor of 230052 and 42?
6
What is the highest common divisor of 2736 and 306?
18
What is the greatest common divisor of 21539040 and 30?
30
What is the greatest common divisor of 23749 and 561?
187
What is the highest common divisor of 3390 and 780830?
1130
What is the greatest common factor of 1868 and 68?
4
What is the highest common factor of 12012 and 66?
66
Calculate the highest common factor of 10943 and 1765.
353
Calculate the highest common divisor of 4656 and 99716.
388
What is the highest common divisor of 165 and 171556?
11
What is the greatest common factor of 22790 and 1590?
530
Calculate the highest common divisor of 31 and 164548.
31
What is the greatest common factor of 8840 and 11128?
104
Calculate the highest common divisor of 25277 and 19625.
157
What is the greatest common divisor of 341400 and 600?
600
What is the greatest common divisor of 24509904 and 2384?
2384
Calculate the highest common factor of 46431 and 15008.
469
What is the highest common factor of 2998721 and 1441?
1441
What is the highest common factor of 4459 and 2225678?
637
Calculate the greatest common divisor of 32653 and 13.
1
Calculate the highest common factor of 19573 and 115.
23
What is the greatest common divisor of 5432 and 9464?
56
Calculate the greatest common factor of 10602 and 682.
62
Calculate the highest common factor of 1120 and 1936760.
280
What is the greatest common divisor of 19 and 2279411?
19
What is the greatest common divisor of 5802 and 774?
6
What is the greatest common divisor of 50310 and 325?
65
What is the highest common factor of 103 and 69?
1
What is the highest common divisor of 2059 and 20648?
29
What is the greatest common factor of 132786 and 42?
6
What is the greatest common factor of 98192 and 544?
272
What is the highest common factor of 29 and 2581?
29
What is the highest common factor of 321271 and 817?
19
What is the highest common factor of 10731 and 9261?
147
Calculate the greatest common divisor of 12183 and 8556.
93
What is the greatest common factor of 296264 and 928?
232
Calculate the greatest common factor of 2098349 and 11.
11
What is the greatest common factor of 140 and 10535?
35
Calculate the highest common factor of 88 and 20042.
22
What is the highest common divisor of 120 and 3630?
30
Calculate the greatest common factor of 20466 and 24894.
54
Calculate the highest common divisor of 85 and 2338095.
85
What is the highest common factor of 15128 and 2976?
248
What is the highest common factor of 134344 and 504?
56
What is the greatest common factor of 3970 and 970?
10
Calculate the highest common factor of 394391 and 1371.
457
What is the highest common divisor of 145 and 27463?
29
Calculate the greatest common factor of 128964 and 36.
12
Calculate the greatest common factor of 7 and 4178.
1
Calculate the highest common divisor of 162998 and 186.
62
Calculate the greatest common divisor of 86535 and 30.
15
What is the highest common divisor of 1632 and 3228?
12
Calculate the greatest common divisor of 217 and 16337.
31
Calculate the highest common factor of 12860 and 160.
20
Calculate the highest common divisor of 192040 and 40.
40
What is the greatest common factor of 280 and 909566?
14
What is the greatest common divisor of 102640 and 2656?
16
Calculate the greatest common divisor of 702 and 7332.
78
Calculate the greatest common factor of 5698 and 11011.
77
Calculate the highest common factor of 47208 and 231.
21
Calculate the greatest common divisor of 144000 and 896.
128
Calculate the highest common factor of 24318 and 378.
126
Calculate the highest common factor of 1420544 and 12.
4
Calculate the highest common factor of 137000 and 800.
200
Calculate the greatest common factor of 5607 and 30303.
63
What is the greatest common divisor of 483 and 1587943?
161
Calculate the greatest common factor of 11 and 14616558.
11
What is the highest common divisor of 5370 and 480?
30
What is the highest common factor of 43260 and 360?
60
Calculate the greatest common divisor of 45549 and 7.
7
What is the greatest common factor of 7830 and